0). Give x(q).
-17
Let i(m) = 5 + 22*m + 20*m - 43*m. Let n = -247 - -247. Determine i(n).
5
Suppose -9*q + 10*q = 66. Let a = -58 + q. Let f(h) = -h - 5. Determine f(a).
-13
Let m(p) be the third derivative of p**6/120 + p**5/15 - 3*p**4/8 + 5*p**3/6 - 1311*p**2. Calculate m(-6).
-13
Let x(w) be the third derivative of 1/24*w**4 + 0 - 5/3*w**3 - 38*w**2 + 0*w. Determine x(13).
3
Let b be (708/(-30) - -23)/(2/10). Let j(d) = -2*d**2 + 10*d + 43. Determine j(b).
-5
Let u = -440 + 455. Let z be 413/(-49) + 4/(140/u). Let f(g) = -g - 10. Calculate f(z).
-2
Suppose -a = g - 4*g - 4, -5*a = -5*g - 30. Suppose a*i = 12*i. Suppose -4*b + 35 - 11 = i. Let f(s) = s**2 - 6*s - 4. Determine f(b).
-4
Suppose -5*s + 645 = -a - 2*a, 0 = -5*a + 2*s - 1056. Let p = -207 - a. Let g(f) = f**3 - 3*f**2 + 2*f - 4. Determine g(p).
2
Let g(v) be the third derivative of v**4/24 + 10*v**3/3 + 78*v**2 + 3. Calculate g(13).
33
Let j(c) = -4*c - 12*c**2 - 12*c**2 - 40 - 78*c**3 + 3*c + 22*c**2 + 79*c**3. Give j(0).
-40
Let k = 36 - -3. Suppose -5*c = u - 0*c + 7, 3*u = 5*c + k. Let x(d) = -3*d**2 + d - u*d - d + 6 + d + d**3. What is x(4)?
-6
Let c(h) = -h**3 + 6*h**2 - h + 3. Let v be (14*-1 - -2)/(-1). Suppose 2*p = -5*j - 3*p + 25, -20 = -4*p. Suppose j = -4*x + v + 12. Determine c(x).
-3
Let s(b) = b**3 + 278*b - 1 + 2 - 12*b**2 - 135*b - 134*b. Calculate s(4).
-91
Let b(s) = -9*s**3 - 25*s**2 + s + 45. Let f(r) = -r**3 - 2*r**2 + r + 5. Let k(j) = -b(j) + 8*f(j). Determine k(-8).
3
Let f(i) = 6025 + 6076 - 5*i - 12178. Determine f(0).
-77
Let d be 126/15*1370/(-822). Let o(v) = v**3 + 13*v**2 - 16*v + 1. Determine o(d).
29
Let m(b) = b + 6. Let w(v) be the second derivative of v**5/20 + 5*v**4/12 - 5*v**3/6 - 5*v**2 - 2*v. Let t be w(-5). Suppose -1 = -2*c - t. Give m(c).
-1
Let k(u) = 2*u**2 - 13*u - 6. Let w = 26268 - 26259. What is k(w)?
39
Let l(p) = 19*p + 8. Let h = -34 - -29. Let y(j) = 12*j + 5. Let t(q) = h*l(q) + 8*y(q). Determine t(-6).
-6
Let h(v) be the first derivative of v**3 + 3*v**2/2 + 3*v + 110. Let i(m) = 4*m**2 + 3*m + 5. Let a(k) = -3*h(k) + 2*i(k). Give a(-3).
1
Let v(u) = 41*u**3 + 13*u**2 + 18*u - 16. Let q(j) = -117*j**3 - 38*j**2 - 53*j + 49. Let o(r) = 7*q(r) + 20*v(r). Calculate o(7).
-5
Let p(g) be the first derivative of g**4/2 - 5*g**3/3 + 2*g**2 - 2*g + 21. Suppose 130*i = 139*i - 27. What is p(i)?
19
Let u(z) = z**2 - z - 5. Let k be u(4). Suppose -14*g = -k*g + 21. Let y(i) = -i - 12 + 30 - 14. Give y(g).
7
Let o(h) = h**3 + 4 - 281*h**2 + 12*h - 5*h - 280*h**2 + 554*h**2 - 3. Give o(7).
50
Let b(j) = -7*j + 7. Let o = 5106 + -5102. What is b(o)?
-21
Let r(o) = -3*o**2 - 34*o + 35. Suppose 0 = -15*c + 166 - 151. Determine r(c).
-2
Let t(c) be the third derivative of c**5/60 - c**4/12 - 5*c**3/6 - 44*c**2 - 92. Let f(q) = -2 + 5 - 1 + q**3 - 3*q. Let o be f(2). Give t(o).
3
Let f = 115 - 120. Let r(b) be the second derivative of b**6/360 + b**5/40 + b**4/24 + 8*b**3/3 - 13*b. Let h(w) be the second derivative of r(w). Give h(f).
11
Let i be (72/(-14))/6*112/24. Let x = 7 - 2. Let r(j) = -j - 3*j + x*j + 1 + 0. Calculate r(i).
-3
Let t(d) = d**2 + 23*d + 51. Suppose 20*o = 6*o - 79*o - 1953. Give t(o).
9
Suppose -2*f - x + 12 = -f, 0 = 5*f + 3*x - 70. Let h(c) = f*c**2 - 2 - 36*c**2 + 5*c - c**3 + 15*c**2. Suppose -2*m = -0*m + 10. Give h(m).
-2
Let j(c) = -2*c**2 - 7*c - 4. Let i(a) = -a**2 - 5*a - 3. Let k(z) = 8*i(z) - 5*j(z). Let p(f) = -1050*f + 4205. Let o be p(4). Give k(o).
21
Let t(g) be the first derivative of -1/2*g**2 - g - 38. Let n(u) = -u - 2. Let o be n(0). Calculate t(o).
1
Let u be 1800/(-28) - 4/(-14). Let k be u/80*(-1 - 4). Suppose -k*p - 21 = 3*v, 4*p + 6 = -3*v + 5*v. Let h(m) = -2*m**3 - 3*m**2 + 3*m + 2. Determine h(p).
20
Let m(x) = x. Let p(d) = -d**3 - 7*d**2 - 11*d - 10. Let f(b) = 6*m(b) + p(b). Let v be 35/315 - 974/18. Let q = v - -47. Give f(q).
25
Let f = -9117 + 9120. Let s(j) be the second derivative of -3/2*j**2 + 0 + 15*j - 1/6*j**4 - 7/6*j**f. Give s(-5).
-18
Let i(p) = -2*p**2 + 5*p - 2. Suppose 19*b = -40 - 17. Let l(s) = -s**2 + 6*s - 4. Let h(m) = b*i(m) + 2*l(m). Give h(3).
25
Let w(o) = 2*o**2 + 134*o + 980. Let b be w(-8). Let z(f) = -6*f + 207. Give z(b).
-9
Let m be (4/(-6))/((-4)/18 + 0). Let j(t) = -2*t**2 + 5*t - 3. Let x(c) be the first derivative of c**3/3 - c**2 + c + 5. Let i(o) = m*j(o) + 5*x(o). Give i(5).
-4
Let q be -17 + (-172)/(-10) + 56/(-5). Let f(c) = 2*c**2 + 14*c - 24. What is f(q)?
64
Let w(n) = n**3 + n. Let g(u) = -2*u**2 - u**2 - 5*u**3 - u**2 - 5*u**2 + 1 + 3*u**2 - 11*u. Let t(d) = g(d) + 4*w(d). Calculate t(-5).
11
Let j = -4139 + 4165. Let l(f) be the first derivative of 0*f - j - 2*f**2 - 2/3*f**3. Give l(-3).
-6
Let v(t) = -t**2 - t + 4. Let a be v(-3). Let c be (9/(-36) - 10/(-8))*7. Let n(m) = 10*m + m + 3 + 0 - c*m. Give n(a).
-5
Let d(q) = -15*q - 85. Let t be 18/(-24) - (-12)/(-10)*35/8. What is d(t)?
5
Suppose 761 + 619 = 60*z. Let h(o) = -o**3 + 24*o**2 - 23*o - 25. Calculate h(z).
-25
Let u be 0 - (0 + -2)*1. Suppose -2*v + 0*f + 9 = f, 6 = -u*v + 2*f. Let c(h) = -6 + 2*h - 3*h + 1 + v. What is c(-5)?
2
Suppose 27 = -12*c + 13*c - 2. Let v(m) = m**2 - 24*m - 109. Determine v(c).
36
Let o(n) be the second derivative of -n**5/60 - n**4/2 + 3*n**3 - 17*n**2/2 - 3*n + 35. Let j(f) be the first derivative of o(f). Calculate j(-13).
5
Let f(p) be the second derivative of p**5/20 - 7*p**4/12 + 11*p**3/6 - 37*p**2/2 + 597*p + 3. Give f(6).
-7
Let q(t) = -t**2 - 7*t. Let r = 334 + -167. Let g = 161 - r. Give q(g).
6
Let s(f) be the third derivative of f**9/30240 + f**8/5040 - f**7/1680 - 5*f**5/4 - f**2 + 20. Let w(a) be the third derivative of s(a). Determine w(2).
26
Let p(x) = 5*x**3 + 22*x**2 - 9*x + 54. Let v(f) = 2*f**3 + 10*f**2 - 4*f + 23. Let s(c) = 3*p(c) - 7*v(c). Let o = -34 + 36. Calculate s(o).
-5
Suppose -4 = 4*x - 5*m, -m + 4 = -4*x + 16. Suppose 2*s - x = 2*q - s, 3*q = s + 8. Let n(p) = 1 + 2 - p**2 + 2*p**3 + p**3 - q*p. Determine n(2).
15
Let j(x) = -17*x - 28. Let k(r) = 101*r + 159. Let w(t) = 23*j(t) + 4*k(t). Determine w(1).
5
Let y(j) = j + 10. Let p(l) be the second derivative of -l**3/6 - 9*l**2 - 14*l - 9. Let f(n) = 3*p(n) + 5*y(n). What is f(4)?
4
Let g(i) = -i**3 - 9*i**2 - 7*i - 2. Suppose 0 = j - 2, -2*z - 25 - 33 = -5*j. Let h be 132/(-15) - (4 - z/(-5)). Calculate g(h).
-10
Let q(l) = l**2 + 32*l + 111. Suppose -139 + 93 = 15*n + 374. Calculate q(n).
-1
Let b be -2 + (-44)/4 + -2 + 6. Let v be ((-588)/(-8))/7*(-6)/b. Let g(c) = -5*c + 39. What is g(v)?
4
Let q(d) = -d**2 - 14*d + 93. Let g be (8 - 441/36)/(5/20 + 0). What is q(g)?
42
Let i(g) = -g + 11. Suppose 21*r = 133 + 14. Suppose -3*o - r*v + 5*v + 36 = 0, 0 = 4*o + 5*v - 55. Determine i(o).
1
Let m(a) = -4 - 96*a + 3*a**2 + 104*a - 302*a**3 + 301*a**3. Give m(5).
-14
Let o(a) = -18*a + 20*a - 36*a**2 + 18*a**2 + 16*a**2 - 6. Determine o(-7).
-118
Suppose 20*q + 10*q + 258 = -192. Let x(s) = s**2 + 14*s + 19. Give x(q).
34
Let l(j) = j**3 - 18*j - 32. Let r(i) = -6*i**3 - 2*i**2 + 48*i + 49. Let m be r(-1). Give l(m).
3
Let b(f) = -f**3 + 492*f**2 - 20*f + 90. Let x(t) = -240*t**2 + 1. Let k(n) = b(n) + 2*x(n). Give k(11).
-7
Let f(q) be the first derivative of -q**4/4 + 17*q**3/3 - 71*q**2/2 + 4*q - 1407. What is f(10)?
-6
Let p(b) = 2*b**3 - 4*b**2 + 2. Let g be p(2). Suppose -g*r = 4*r - 42. Let m(q) = 3*q + r - 6 - 9*q + 3. What is m(3)?
-14
Suppose -9*x + 35 = 26. Let c(p) be the first derivative of -32 + 2*p**2 + 10 + x. What is c(3)?
12
Suppose 15*i - 2*i + 65 = 0. Let t(l) = -3*l**2 + 6*l + 6. Let s(f) = -2*f**2 + 7*f + 5. Let h(v) = 4*s(v) - 3*t(v). Determine h(i).
-23
Let d(c) be the second derivative of c**4/4 - c**3/2 + c**2/2 - 1929*c. Suppose -45 = -4*m - 1. Suppose 6*i - 7*i - 11 = -5*f, -3*f + 5*i = -m. Calculate d(f).
7
Let c(m) = m - 25. Let j(q) = q - 34. Let s(k) = 6*k - 11. Let p be s(3). Let b(d) = p*c(d) - 5*j(d). Suppose 8 = 3*l - 4. Give b(l).
3
Let c(d) be the second derivative of -d**5/20 + 11*d**4/12 - 5*d**3/3 - 7*d**2/2 - 856*d. Calculate c(10).
-7
Let f(x) = -7*x**3 + 26*x**2 + 23*x - 5. Let o be f(4). Let r(v) = -32*v + 1758. Determine r(o).
-2
Let p(w) = -w - 14. Let o(n) = n**2 - 19*n + 44. Let k(l) = o(l) + 6*p(l). Calculate k(27